culate the highest common divisor of 2969118 and 18.
18
Calculate the greatest common factor of 23288475 and 4200.
525
Calculate the highest common factor of 775320 and 470162.
994
Calculate the greatest common factor of 60056912 and 1823.
1823
What is the greatest common factor of 424752566 and 1834?
1834
What is the highest common factor of 117407287 and 6052?
1513
What is the highest common divisor of 11762805 and 2109?
57
What is the greatest common factor of 102 and 31416306?
102
What is the highest common factor of 2212 and 7448357?
553
What is the highest common factor of 5796181 and 47?
47
What is the highest common factor of 17114895 and 1260?
315
Calculate the highest common divisor of 5467580756 and 11.
11
What is the greatest common factor of 19239852 and 102?
102
Calculate the greatest common divisor of 239 and 138020827.
239
Calculate the highest common divisor of 77369919 and 418.
209
Calculate the highest common divisor of 512123316 and 36.
12
Calculate the highest common factor of 8901 and 83422449.
207
What is the greatest common divisor of 82422183 and 73?
73
What is the highest common factor of 104 and 755365?
13
What is the highest common factor of 2044 and 1297356?
292
What is the greatest common divisor of 1893578280 and 132?
132
What is the highest common divisor of 712414 and 1856?
58
What is the greatest common divisor of 53820803 and 59?
59
What is the greatest common factor of 2286 and 477594?
18
What is the highest common factor of 82825465 and 4039?
577
Calculate the highest common divisor of 3911 and 1553382713.
3911
Calculate the greatest common divisor of 680 and 10664440.
680
What is the highest common factor of 31172334 and 387?
129
What is the highest common factor of 52 and 54203188?
52
What is the highest common factor of 88867 and 31?
1
Calculate the greatest common divisor of 112497 and 438207.
231
Calculate the greatest common factor of 1845 and 1446347775.
615
Calculate the highest common factor of 51578 and 25379.
41
Calculate the greatest common factor of 2425 and 59930.
5
What is the greatest common divisor of 41924820 and 5460?
420
Calculate the greatest common divisor of 7 and 72343943.
7
Calculate the highest common factor of 111511 and 10982.
19
What is the greatest common factor of 132 and 5145074?
22
Calculate the greatest common factor of 140 and 3838960.
20
Calculate the greatest common divisor of 97 and 140300509.
97
Calculate the highest common divisor of 4797 and 1704042.
369
Calculate the highest common divisor of 1047121 and 530.
53
Calculate the highest common factor of 11049190 and 720.
10
What is the highest common factor of 11781 and 80955?
63
What is the highest common factor of 9524 and 21069469?
2381
What is the highest common divisor of 77650 and 238127702?
3106
Calculate the highest common divisor of 328 and 15515384.
328
What is the greatest common factor of 715284 and 33004?
148
Calculate the highest common divisor of 26608785 and 465.
15
Calculate the highest common divisor of 213060 and 603.
201
What is the greatest common divisor of 96654 and 189326?
362
What is the highest common divisor of 162 and 2278874?
2
What is the highest common divisor of 705 and 11754465?
705
Calculate the greatest common factor of 34 and 189423214.
34
What is the highest common divisor of 10249 and 949002?
277
What is the greatest common divisor of 38015530 and 5?
5
Calculate the greatest common divisor of 48458605 and 13.
13
What is the greatest common divisor of 950 and 547270?
10
What is the greatest common divisor of 332400 and 111200?
400
What is the greatest common factor of 27160 and 659960?
280
What is the greatest common factor of 3741 and 7951689?
129
Calculate the greatest common divisor of 28 and 292508032.
4
What is the highest common factor of 8400622 and 1406?
38
What is the greatest common divisor of 767 and 5584527?
767
Calculate the highest common factor of 168180 and 12660.
60
Calculate the highest common divisor of 3072 and 36371136.
192
What is the highest common divisor of 20654928 and 21?
21
What is the highest common divisor of 3768600 and 108075?
825
Calculate the greatest common factor of 68 and 2988.
4
What is the highest common divisor of 291 and 35825883?
291
What is the greatest common divisor of 1720451 and 578?
17
What is the highest common factor of 29483970 and 2190?
2190
Calculate the greatest common factor of 4248 and 513654.
354
Calculate the highest common divisor of 696671185 and 7.
7
What is the highest common divisor of 246225 and 1099805?
16415
Calculate the greatest common divisor of 1074 and 1408490498.
358
Calculate the highest common divisor of 4428105 and 18612.
1551
What is the highest common factor of 790 and 280190?
10
What is the highest common factor of 81795 and 24477?
123
What is the highest common factor of 4745261 and 15980?
799
What is the greatest common divisor of 500484 and 24?
12
What is the greatest common factor of 533953 and 50639?
641
Calculate the highest common factor of 2255267 and 1526717.
1619
Calculate the highest common divisor of 98775 and 23354361.
3951
What is the greatest common factor of 13838 and 6678722?
1258
What is the greatest common factor of 51148 and 1555976?
2692
What is the highest common divisor of 375595 and 26565?
55
Calculate the greatest common divisor of 103414567 and 201.
67
What is the highest common factor of 1365334 and 1114814?
12526
Calculate the highest common divisor of 34216 and 805063.
329
What is the highest common divisor of 19070758 and 5117?
301
What is the greatest common factor of 217118 and 148313?
1529
Calculate the greatest common divisor of 9511743 and 5034.
2517
What is the greatest common factor of 8663688 and 352?
88
Calculate the highest common factor of 92551217 and 22.
11
Calculate the greatest common factor of 124062742 and 456.
38
Calculate the greatest common divisor of 1994984 and 952.
136
What is the highest common divisor of 48 and 9648414?
6
Calculate the highest common factor of 41640557 and 119.
7
What is the greatest common divisor of 509397 and 320929?
889
What is the greatest common factor of 1100 and 6425375?
275
What is the greatest common factor of 743931 and 479493?
1593
What is the greatest common factor of 1848096 and 4869882?
3726
What is the highest common factor of 429323102 and 52?
26
Calculate the greatest common divisor of 86 and 23642733.
43
What is the greatest common factor of 701 and 237629186?
701
What is the greatest common factor of 6408 and 76893152?
712
What is the greatest common divisor of 391 and 10945217?
23
What is the highest common factor of 42627130 and 63?
7
Calculate the highest common factor of 4404989 and 34.
17
Calculate the highest common factor of 84689168 and 15927.
5309
What is the greatest common factor of 336 and 93237340?
28
What is the greatest common factor of 27007876 and 1933?
1933
What is the greatest common divisor of 123 and 509008317?
123
What is the highest common divisor of 397566868 and 158?
158
Calculate the greatest common divisor of 5307309 and 1008.
63
What is the highest common divisor of 81151 and 34811?
7
Calculate the highest common factor of 5248 and 51635564.
164
Calculate the greatest common factor of 904818 and 22002.
114
Calculate the greatest common factor of 2109639 and 63.
21
Calculate the greatest common divisor of 288 and 1062006.
6
Calculate the highest common factor of 23842105 and 48535.
2855
What is the highest common factor of 25280 and 104760?
40
Calculate the greatest common divisor of 18 and 458028.
18
What is the highest common divisor of 39131070 and 30?
30
What is the greatest common factor of 59520 and 38580?
60
Calculate the highest common divisor of 98401228 and 342.
38
Calculate the highest common factor of 48 and 1196484.
12
What is the greatest common factor of 3744 and 614453112?
936
What is the greatest common divisor of 246793376 and 10144?
10144
What is the greatest common factor of 84266 and 245726138?
6482
Calculate the highest common divisor of 25712394 and 192.
6
What is the greatest common divisor of 455 and 966056?
91
What is the greatest common divisor of 6228755 and 15405?
5135
Calculate the highest common divisor of 702 and 1672704.
54
Calculate the highest common